y 178?
120
Calculate the remainder when 622 is divided by 57.
52
Calculate the remainder when 310 is divided by 73.
18
What is the remainder when 861 is divided by 216?
213
What is the remainder when 1138 is divided by 311?
205
Calculate the remainder when 554 is divided by 453.
101
Calculate the remainder when 4787 is divided by 84.
83
Calculate the remainder when 3873 is divided by 25.
23
What is the remainder when 1537 is divided by 23?
19
Calculate the remainder when 10754 is divided by 538.
532
What is the remainder when 260 is divided by 14?
8
What is the remainder when 98 is divided by 2?
0
What is the remainder when 107 is divided by 42?
23
Calculate the remainder when 215 is divided by 36.
35
What is the remainder when 357 is divided by 6?
3
Calculate the remainder when 532 is divided by 23.
3
What is the remainder when 411 is divided by 16?
11
Calculate the remainder when 23 is divided by 12.
11
What is the remainder when 1364 is divided by 76?
72
Calculate the remainder when 492 is divided by 16.
12
Calculate the remainder when 193 is divided by 15.
13
Calculate the remainder when 276 is divided by 20.
16
Calculate the remainder when 46 is divided by 20.
6
Calculate the remainder when 7289 is divided by 17.
13
What is the remainder when 73 is divided by 54?
19
What is the remainder when 1905 is divided by 13?
7
Calculate the remainder when 92 is divided by 55.
37
Calculate the remainder when 536 is divided by 62.
40
What is the remainder when 505 is divided by 30?
25
What is the remainder when 795 is divided by 200?
195
What is the remainder when 5114 is divided by 31?
30
Calculate the remainder when 3717 is divided by 40.
37
Calculate the remainder when 4835 is divided by 59.
56
What is the remainder when 329 is divided by 103?
20
What is the remainder when 4039 is divided by 101?
100
Calculate the remainder when 260 is divided by 42.
8
Calculate the remainder when 427 is divided by 45.
22
Calculate the remainder when 72 is divided by 40.
32
Calculate the remainder when 54 is divided by 28.
26
What is the remainder when 686 is divided by 43?
41
What is the remainder when 252 is divided by 51?
48
What is the remainder when 508 is divided by 133?
109
Calculate the remainder when 233 is divided by 110.
13
Calculate the remainder when 807 is divided by 792.
15
What is the remainder when 614 is divided by 11?
9
What is the remainder when 1641 is divided by 1636?
5
What is the remainder when 2215 is divided by 116?
11
What is the remainder when 757 is divided by 10?
7
What is the remainder when 410 is divided by 138?
134
Calculate the remainder when 230 is divided by 11.
10
Calculate the remainder when 860 is divided by 103.
36
What is the remainder when 153 is divided by 62?
29
What is the remainder when 429 is divided by 16?
13
What is the remainder when 28377 is divided by 215?
212
What is the remainder when 141 is divided by 18?
15
Calculate the remainder when 11424 is divided by 2284.
4
Calculate the remainder when 1509 is divided by 395.
324
What is the remainder when 34017 is divided by 20?
17
What is the remainder when 1068 is divided by 51?
48
Calculate the remainder when 34 is divided by 13.
8
What is the remainder when 107 is divided by 6?
5
What is the remainder when 71 is divided by 10?
1
Calculate the remainder when 237 is divided by 30.
27
What is the remainder when 791 is divided by 13?
11
What is the remainder when 298 is divided by 43?
40
Calculate the remainder when 333 is divided by 68.
61
What is the remainder when 15852 is divided by 151?
148
Calculate the remainder when 106 is divided by 36.
34
What is the remainder when 164 is divided by 15?
14
Calculate the remainder when 39 is divided by 30.
9
What is the remainder when 310 is divided by 63?
58
What is the remainder when 753 is divided by 76?
69
Calculate the remainder when 414 is divided by 70.
64
Calculate the remainder when 5 is divided by 3.
2
What is the remainder when 2466 is divided by 55?
46
Calculate the remainder when 277 is divided by 59.
41
What is the remainder when 807 is divided by 27?
24
Calculate the remainder when 416 is divided by 17.
8
What is the remainder when 141 is divided by 65?
11
What is the remainder when 1884 is divided by 105?
99
Calculate the remainder when 347 is divided by 46.
25
Calculate the remainder when 861 is divided by 27.
24
Calculate the remainder when 236 is divided by 35.
26
What is the remainder when 391 is divided by 25?
16
What is the remainder when 398 is divided by 186?
26
Calculate the remainder when 85 is divided by 11.
8
What is the remainder when 637 is divided by 105?
7
Calculate the remainder when 16672 is divided by 14.
12
Calculate the remainder when 288 is divided by 116.
56
Calculate the remainder when 1245 is divided by 13.
10
What is the remainder when 373 is divided by 21?
16
Calculate the remainder when 143 is divided by 50.
43
What is the remainder when 187 is divided by 92?
3
Calculate the remainder when 20301 is divided by 155.
151
Calculate the remainder when 88 is divided by 21.
4
Calculate the remainder when 250 is divided by 64.
58
Calculate the remainder when 263 is divided by 5.
3
Calculate the remainder when 222 is divided by 67.
21
Calculate the remainder when 4014 is divided by 310.
294
Calculate the remainder when 392 is divided by 66.
62
Calculate the remainder when 792 is divided by 38.
32
Calculate the remainder when 62 is divided by 7.
6
What is the remainder when 165 is divided by 106?
59
What is the remainder when 4578 is divided by 19?
18
Calculate the remainder when 1523 is divided by 187.
27
Calculate the remainder when 122 is divided by 119.
3
What is the remainder when 204 is divided by 117?
87
Calculate the remainder when 77 is divided by 30.
17
What is the remainder when 459 is divided by 34?
17
Calculate the remainder when 4451 is divided by 20.
11
Calculate the remainder when 8771 is divided by 195.
191
What is the remainder when 226 is divided by 216?
10
What is the remainder when 1740 is divided by 255?
210
What is the remainder when 1196 is divided by 28?
20
Calculate the remainder when 1663 is divided by 33.
13
What is the remainder when 136 is divided by 20?
16
What is the remainder when 5949 is divided by 25?
24
What is the remainder when 172 is divided by 40?
12
What is the remainder when 2945 is divided by 11?
8
What is the remainder when 197 is divided by 44?
21
What is the remainder when 232 is divided by 26?
24
Calculate the remainder when 107 is divided by 3.
2
Calculate the remainder when 359 is divided by 111.
26
Calculate the remainder when 384 is divided by 117.
33
Calculate the remainder when 633 is divided by 213.
207
Calculate the remainder when 2508 is divided by 501.
3
What is the remainder when 148 is divided by 12?
4
What is the remainder when 2771 is divided by 13?
2
Calculate the remainder when 852 is divided by 61.
59
Calculate the remainder when 1237 is divided by 31.
28
Calculate the remainder when 1858 is divided by 36.
22
Calculate the remainder when 1654 is divided by 103.
6
What is the remainder when 179 is divided by 5?
4
What is the remainder when 597 is divided by 121?
113
What is the remainder when 1121 is divided by 141?
134
Calculate the remainder when 69 is divided by 59.
10
What is the remainder when 50 is divided by 15?
5
Calculate the remainder when 127 is divided by 88.
39
What is the remainder when 2662 is divided by 18?
16
What is the remainder when 185 is divided by 27?
23
Calculate the remainder when 3933 is divided by 76.
57
What is the remainder when 208 is divided by 11?
10
Calculate the remainder when 2531 is divided by 20.
11
What is the remainder when 40 is divided by 3?
1
What is the remainder when 477 is divided by 35?
22
Calculate the remainder when 444 is divided by 11.
4
Calculate the remainder when 55 is divided by 40.
15
What is the remainder when 1059 is divided by 120?
99
What is the remainder when 77 is divided by 63?
14
Calculate the remainder when 56 is divided by 22.
12
What is the remainder when 541 is divided by 70?
51
Calculate the remainder when 1000 is divided by 169.
155
Calculate the remainder when 113 is divided by 34.
11
What is the remainder when 685 is divided by 49?
48
Calculate the remainde